{"id":233,"date":"2020-04-22T15:59:28","date_gmt":"2020-04-22T15:59:28","guid":{"rendered":"http:\/\/makeupstudio.com.uy\/sitio\/?post_type=product&#038;p=233"},"modified":"2024-07-15T18:08:47","modified_gmt":"2024-07-15T18:08:47","slug":"cuidado-de-la-piel-gel-hidratane","status":"publish","type":"product","link":"https:\/\/makeupstudio.com.uy\/sitio\/producto\/cuidado-de-la-piel-gel-hidratane\/","title":{"rendered":"Crema Hidratante"},"content":{"rendered":"<p>Factores como la temperatura, la humedad, la edad y las hormonas pueden alterar el equilibrio de la piel. Los expertos recomiendan una hidrataci\u00f3n \u00f3ptima para todos los tipos de pieles, que es necesaria para lograr un cutis suave, terso y\u00a0 joven.<\/p>\n","protected":false},"excerpt":{"rendered":"<p>La<strong> Crema Hidratante Intensiva<\/strong> es una lujosa y enriquecida crema para piel seca que proporciona una sensaci\u00f3n inmediata de suavidad, dando a la piel un aspecto terso y radiante. Crea una capa protectora que minimiza la evaporaci\u00f3n de la humedad y deja en la piel una sensaci\u00f3n de hidrataci\u00f3n que dura hasta 10 horas. Aporta a la piel un intenso est\u00edmulo hidratante. Ayuda a suavizar la piel con extractos marinos hidratantes.<\/p>\n<p>El <strong>Gel Hidratante Libre de Aceites<\/strong> es ideal para pieles de mixtas a grasas. Tiene una textura ligera que se absorbe de inmediato, dejando una sensaci\u00f3n refrescante en la piel e hidrat\u00e1ndola durante al menos 10 horas.<br \/>\nContiene extracto de t\u00e9 verde, conocido por sus propiedades calmantes y suavizantes para la piel. Para pieles de normales a grasas. Adecuado para piel sensible.<\/p>\n<p>&nbsp;<\/p>\n","protected":false},"featured_media":2430,"comment_status":"open","ping_status":"closed","template":"","meta":{"_joinchat":[]},"product_brand":[],"product_cat":[29],"product_tag":[],"class_list":{"0":"post-233","1":"product","2":"type-product","3":"status-publish","4":"has-post-thumbnail","6":"product_cat-cuidado-piel","7":"pa_crema-humectante-gel","8":"pa_crema-humectante-intensiva","10":"first","11":"instock","12":"shipping-taxable","13":"purchasable","14":"product-type-variable"},"_links":{"self":[{"href":"https:\/\/makeupstudio.com.uy\/sitio\/wp-json\/wp\/v2\/product\/233","targetHints":{"allow":["GET"]}}],"collection":[{"href":"https:\/\/makeupstudio.com.uy\/sitio\/wp-json\/wp\/v2\/product"}],"about":[{"href":"https:\/\/makeupstudio.com.uy\/sitio\/wp-json\/wp\/v2\/types\/product"}],"replies":[{"embeddable":true,"href":"https:\/\/makeupstudio.com.uy\/sitio\/wp-json\/wp\/v2\/comments?post=233"}],"wp:featuredmedia":[{"embeddable":true,"href":"https:\/\/makeupstudio.com.uy\/sitio\/wp-json\/wp\/v2\/media\/2430"}],"wp:attachment":[{"href":"https:\/\/makeupstudio.com.uy\/sitio\/wp-json\/wp\/v2\/media?parent=233"}],"wp:term":[{"taxonomy":"product_brand","embeddable":true,"href":"https:\/\/makeupstudio.com.uy\/sitio\/wp-json\/wp\/v2\/product_brand?post=233"},{"taxonomy":"product_cat","embeddable":true,"href":"https:\/\/makeupstudio.com.uy\/sitio\/wp-json\/wp\/v2\/product_cat?post=233"},{"taxonomy":"product_tag","embeddable":true,"href":"https:\/\/makeupstudio.com.uy\/sitio\/wp-json\/wp\/v2\/product_tag?post=233"}],"curies":[{"name":"wp","href":"https:\/\/api.w.org\/{rel}","templated":true}]}}