{"id":74,"date":"2020-04-21T21:51:21","date_gmt":"2020-04-21T21:51:21","guid":{"rendered":"http:\/\/makeupstudio.com.uy\/sitio\/?post_type=product&#038;p=74"},"modified":"2026-04-16T16:08:13","modified_gmt":"2026-04-16T16:08:13","slug":"prebase-de-maquillaje","status":"publish","type":"product","link":"https:\/\/makeupstudio.com.uy\/sitio\/producto\/prebase-de-maquillaje\/","title":{"rendered":"Pre-Base FPS15"},"content":{"rendered":"<p>Su f\u00f3rmula en gel est\u00e1 enriquecida con minerales para absorber la grasitud y difuminar la luz y agrega una capa de protecci\u00f3n solar FPS 15 debajo de la Base de Maquillaje. Este gel ligero se desliza f\u00e1cilmente rellenando las imperfecciones y se seca al instante con un acabado mate. As\u00ed creamos el lienzo perfecto para una aplicaci\u00f3n de base de maquillaje prolongando la duraci\u00f3n del maquillaje.<\/p>\n<p>&nbsp;<\/p>\n","protected":false},"excerpt":{"rendered":"<p>Es un producto imprescindible si deseas la m\u00e1s impecable imagen posible. Es tan especial que tiene una f\u00f3rmula sin aceites, ayuda a reducir la apariencia de los poros, l\u00edneas finas, arrugas y otras imperfecciones de la piel y prolonga la duraci\u00f3n del maquillaje. Se seca r\u00e1pidamente para un acabado mate y ligero, y puede usarse con cualquiera de las Bases de Maquillaje.<\/p>\n<p>&nbsp;<\/p>\n","protected":false},"featured_media":2319,"comment_status":"open","ping_status":"closed","template":"","meta":{"_joinchat":[]},"product_brand":[],"product_cat":[28],"product_tag":[21],"class_list":{"0":"post-74","1":"product","2":"type-product","3":"status-publish","4":"has-post-thumbnail","6":"product_cat-maquillaje","7":"product_tag-primer","9":"first","10":"instock","11":"shipping-taxable","12":"purchasable","13":"product-type-simple"},"_links":{"self":[{"href":"https:\/\/makeupstudio.com.uy\/sitio\/wp-json\/wp\/v2\/product\/74","targetHints":{"allow":["GET"]}}],"collection":[{"href":"https:\/\/makeupstudio.com.uy\/sitio\/wp-json\/wp\/v2\/product"}],"about":[{"href":"https:\/\/makeupstudio.com.uy\/sitio\/wp-json\/wp\/v2\/types\/product"}],"replies":[{"embeddable":true,"href":"https:\/\/makeupstudio.com.uy\/sitio\/wp-json\/wp\/v2\/comments?post=74"}],"wp:featuredmedia":[{"embeddable":true,"href":"https:\/\/makeupstudio.com.uy\/sitio\/wp-json\/wp\/v2\/media\/2319"}],"wp:attachment":[{"href":"https:\/\/makeupstudio.com.uy\/sitio\/wp-json\/wp\/v2\/media?parent=74"}],"wp:term":[{"taxonomy":"product_brand","embeddable":true,"href":"https:\/\/makeupstudio.com.uy\/sitio\/wp-json\/wp\/v2\/product_brand?post=74"},{"taxonomy":"product_cat","embeddable":true,"href":"https:\/\/makeupstudio.com.uy\/sitio\/wp-json\/wp\/v2\/product_cat?post=74"},{"taxonomy":"product_tag","embeddable":true,"href":"https:\/\/makeupstudio.com.uy\/sitio\/wp-json\/wp\/v2\/product_tag?post=74"}],"curies":[{"name":"wp","href":"https:\/\/api.w.org\/{rel}","templated":true}]}}